
-173ab (base 12) to base 5
-2032040
What is a186 (base 15) in base 12?
17899
What is 221100012200020 (base 3) in base 8?
63277255
What is -313233321 (base 5) in base 6?
-43551445
17f02 (base 16) to base 13
35824
-11324066 (base 7) to base 2
-11110011100111001011
Convert 56696 (base 12) to base 16.
1c152
Convert 2113022 (base 8) to base 4.
2021120102
-14337324 (base 8) to base 3
-20010122001001
Convert -c2750 (base 16) to base 6.
-25023252
What is 1133102002 (base 4) in base 9?
654317
What is -266c59 (base 13) in base 2?
-11100010110111010100
What is -23313442 (base 5) in base 2?
-110100001001110110
Convert -b2a34 (base 14) to base 16.
-68ff6
Convert -5574312 (base 8) to base 16.
-16f8ca
What is 56532 (base 10) in base 4?
31303110
Convert -153053 (base 7) to base 10.
-29879
What is 2461564 (base 10) in base 8?
11307574
Convert -202220212002020 (base 3) to base 12.
-3882073
11111010001001000011 (base 2) to base 7
11465053
Convert -12332112131 (base 4) to base 9.
-3385802
-1103526 (base 7) to base 8
-411106
-1011001101110010 (base 2) to base 3
-2100000102
Convert -139011 (base 10) to base 2.
-100001111100000011
What is -3163276 (base 8) in base 7?
-10121010
What is -3403223 (base 5) in base 4?
-32212211
Convert 24d85a (base 15) to base 12.
7126aa
Convert c224d (base 14) to base 11.
299902
100101220221 (base 3) to base 4
231030112
What is 4362500 (base 7) in base 5?
114130404
-958988 (base 11) to base 16
-176a21
-1930199 (base 14) to base 15
-116963b
Convert -27de2 (base 16) to base 9.
-268002
What is 84423 (base 10) in base 7?
501063
Convert 1100101011100010 (base 2) to base 7.
304265
66424035 (base 8) to base 6
1230234205
Convert 101110011101100110000 (base 2) to base 16.
173b30
-781121 (base 10) to base 5
-144443441
What is -1a6191 (base 13) in base 9?
-1231517
Convert -223302113102 (base 4) to base 14.
-174b198
102432145 (base 6) to base 11
1025766
What is -8b998 (base 14) in base 10?
-339410
Convert -d96d3 (base 14) to base 12.
-214109
4107761 (base 8) to base 15
16691a
What is 6e561 (base 15) in base 16?
55fd8
What is 8908 (base 13) in base 10?
19105
What is -62812 (base 14) in base 12?
-b5594
Convert -101101011010111 (base 2) to base 12.
-1155b
134412231 (base 5) to base 14
143633
1001101000001001111 (base 2) to base 14
82d79
-1697 (base 10) to base 2
-11010100001
-148453 (base 12) to base 4
-1110201333
Convert -a2244 (base 13) to base 8.
-1067136
What is -2311002022 (base 4) in base 10?
-741514
What is -310302123212 (base 4) in base 13?
-2b367c9
165a652 (base 12) to base 16
46341e
What is -1000102100000221 (base 3) in base 7?
-234600661
Convert -163b5 (base 14) to base 4.
-31211023
-112510124 (base 6) to base 12
-84b344
Convert 1002202030 (base 4) to base 10.
272524
57443a6 (base 11) to base 16
9957f9
What is 2114313110 (base 5) in base 12?
15a6029
Convert -eab0f (base 16) to base 14.
-1b047d
-20964 (base 10) to base 2
-101000111100100
What is 15882b3 (base 13) in base 8?
32336636
29a9061 (base 12) to base 14
1197ac1
-50745 (base 10) to base 11
-35142
What is 26681 (base 11) in base 2?
1001010011000011
Convert 101100111110011101111 (base 2) to base 6.
51331011
Convert 32213303012 (base 4) to base 5.
1440124110
What is -287574 (base 10) in base 3?
-112121110220
What is 206800 (base 10) in base 5?
23104200
-7474a1 (base 12) to base 5
-432300221
Convert 187eb98 (base 15) to base 9.
36555758
243452 (base 8) to base 4
110130222
394210 (base 11) to base 15
c3cb9
Convert -3031300 (base 6) to base 4.
-203030310
What is 315252 (base 7) in base 13?
1bb67
6123132 (base 7) to base 10
728604
Convert -5a768 (base 14) to base 2.
-110101111100111000
Convert 403132201 (base 5) to base 2.
110001010001101010100
What is -13032100223 (base 4) in base 7?
-22044113
Convert 666064 (base 9) to base 11.
252102
What is -276007 (base 8) in base 12?
-48373
-b0795d (base 14) to base 15
-7c422e
-21bbc0 (base 14) to base 16
-117ecc
-116a53 (base 14) to base 10
-594737
Convert 22952 (base 16) to base 15.
2be85
-4432135 (base 6) to base 4
-312032123
What is -102268 (base 9) in base 8?
-166473
115a243 (base 12) to base 10
3356115
Convert -51635 (base 10) to base 11.
-35881
Convert 7801a (base 11) to base 4.
123220010
-6505458 (base 9) to base 10
-3487913
What is -2166027 (base 10) in base 7?
-24260643
Convert -63727 (base 16) to base 11.
-259045
What is 5963c (base 13) in base 7?
1251044
What is -1000030100322 (base 4) in base 8?
-100142072
a7c0 (base 13) to base 6
255525
110102012201 (base 3) to base 4
323222101
-3826e (base 15) to base 11
-112898
1243004 (base 6) to base 11
47139
Convert 9311 (base 16) to base 12.
19955
210102100110 (base 3) to base 11
268849
Convert -100300 (base 7) to base 14.
-6270
Convert -4723621 (base 8) to base 15.
-1a69c1
What is -2a4904 (base 15) in base 7?
-23226031
Convert -125345 (base 10) to base 5.
-13002340
Convert 213202232201 (base 4) to base 12.
357a915
Convert -21421 (base 16) to base 10.
-136225
Convert 1069139 (base 15) to base 7.
201442521
20022210212022 (base 3) to base 16
334d00
Convert 59ac56 (base 15) to base 9.
8056400
Convert -12ba07 (base 15) to base 16.
-dbba7
Convert 4110332 (base 5) to base 8.
201446
Convert -403446 (base 11) to base 7.
-5341226
What is 2002240 (base 6) in base 16?
16e90
Convert -4b48d (base 14) to base 6.
-3543205
What is -66921c (base 14) in base 12?
-11bb44a
Convert 30310101131 (base 4) to base 14.
636605
Convert -22033224 (base 5) to base 12.
-91a1a
-100021220011012 (base 3) to base 5
-2231011414
Convert -36360 (base 12) to base 11.
-4a9a7
What is 1bc394 (base 16) in base 13?
4b9268
-44c8a3 (base 13) to base 6
-54513345
Convert -2030043 (base 6) to base 5.
-11102402
What is 2148751 (base 9) in base 4?
10121320330
Convert -1042247 (base 10) to base 6.
-34201115
What is 163532 (base 10) in base 3?
22022022202
1200004421 (base 5) to base 16
29bb8a
Convert -623569 (base 13) to base 5.
-1041324103
14521513 (base 7) to base 16
151c96
Convert 11299c (base 13) to base 2.
1100011000110001010
d3047 (base 15) to base 4
2203022131
-bcc29 (base 14) to base 15
-90a13
101102001012120 (base 3) to base 12
1a29336
What is 855b16 (base 14) in base 16?
44d368
-86d2ca (base 15) to base 12
-2199201
Convert -301033020 (base 4) to base 13.
-70a43
What is 13ba727 (base 13) in base 12?
2129165
What is -3230230121 (base 5) in base 2?
-11010010000011101011001
Convert 15529 (base 16) to base 4.
111110221
Convert -124110530 (base 6) to base 4.
-21102210312
What is 280392 (base 13) in base 16?
ed3b4
108037 (base 10) to base 5
11424122
-12111121030 (base 4) to base 14
-3131c8
-121011221000 (base 3) to base 11
-1a8343
What is -1210101111221 (base 3) in base 12?
-39b22a
What is 120545020 (base 6) in base 16?
22dc64
What is 1450625 (base 8) in base 13?
11663c
Convert -320010000 (base 4) to base 6.
-4531040
What is 17a889 (base 13) in base 9?
1105637
-1123775 (base 9) to base 11
-384694
What is 371037 (base 8) in base 10?
127519
-5778360 (base 9) to base 8
-13722654
Convert -131a5 (base 16) to base 12.
-39345
212824a (base 11) to base 8
16221217
Convert 33a77aa (base 13) to base 14.
217b32a
2422314220 (base 5) to base 12
1a934a2
What is 4554454 (base 6) in base 5?
24424101
123066 (base 7) to base 14
83a6
2312312201 (base 4) to base 15
ebdab
Convert b01926 (base 12) to base 4.
22130333232
What is 378632 (base 10) in base 11?
239521
What is -23014441 (base 6) in base 16?
-ab6d9
What is 1111011001101001011 (base 2) in base 3?
221122020210
What is 2f9340 (base 16) in base 11?
183a574
What is -118265 (base 10) in base 4?
-130313321
446304 (base 9) to base 15
541e1
-1000111000111000010110 (base 2) to base 3
-11101101100021
Convert 3333232032 (base 4) to base 14.
1d3a10
What is 133be (base 15) in base 11?
42314
Convert 5c5007 (base 16) to base 3.
102101100202122
3000154 (base 8) to base 9
1427833
-340422 (base 7) to base 14
-17d49
-7ba06c (base 13) to base 16
-2cc9f2
What is 132200001 (base 4) in base 14?
33757
What is -550f7c (base 16) in base 13?
-1202447
What is -1233313012 (base 5) in base 12?
-101b1b3
Convert -273af4 (base 16) to base 7.
-30565421
Convert -120200011122002 (base 3) to base 8.
-37614106
Convert 2233012 (base 6) to base 12.
55768
What is 21413042 (base 5) in base 3?
100102022120
What is 3e5475 (base 15) in base 8?
133545